r when 251703195 is divided by 51?
39
What is the remainder when 287180 is divided by 2475?
80
What is the remainder when 122059297 is divided by 11?
8
Calculate the remainder when 1787879 is divided by 2034.
2027
Calculate the remainder when 273508 is divided by 10119.
295
Calculate the remainder when 14066105 is divided by 51.
50
Calculate the remainder when 504701182 is divided by 208.
206
What is the remainder when 10818425 is divided by 192?
185
Calculate the remainder when 36694 is divided by 1223.
4
Calculate the remainder when 11008038 is divided by 3669234.
336
Calculate the remainder when 2555059 is divided by 30.
19
Calculate the remainder when 212538 is divided by 3174.
3054
What is the remainder when 8536177 is divided by 11412?
1
Calculate the remainder when 9924045 is divided by 2.
1
Calculate the remainder when 75443 is divided by 74686.
757
Calculate the remainder when 256993 is divided by 127744.
1505
Calculate the remainder when 7996379 is divided by 533091.
14
What is the remainder when 6641186 is divided by 23140?
6
Calculate the remainder when 267768 is divided by 920.
48
Calculate the remainder when 6444 is divided by 1330.
1124
What is the remainder when 42462784 is divided by 2913?
2896
What is the remainder when 23593103 is divided by 8?
7
What is the remainder when 5245350 is divided by 173?
163
What is the remainder when 951380 is divided by 237841?
16
What is the remainder when 25975612 is divided by 3710797?
33
What is the remainder when 460563 is divided by 102?
33
What is the remainder when 2028703 is divided by 378?
355
What is the remainder when 1674362 is divided by 180?
2
Calculate the remainder when 24773 is divided by 8126.
395
Calculate the remainder when 290445 is divided by 6753.
66
What is the remainder when 1908567 is divided by 381530?
917
Calculate the remainder when 32987914 is divided by 105057.
16
Calculate the remainder when 1963475 is divided by 1020.
995
Calculate the remainder when 7497269 is divided by 958.
919
Calculate the remainder when 121334 is divided by 3111.
5
Calculate the remainder when 140904 is divided by 69972.
960
Calculate the remainder when 30383852 is divided by 6076765.
27
What is the remainder when 29663 is divided by 1759?
1519
Calculate the remainder when 1523129 is divided by 46.
23
Calculate the remainder when 19287247 is divided by 5866.
5705
Calculate the remainder when 3184 is divided by 3146.
38
Calculate the remainder when 145099 is divided by 4534.
11
Calculate the remainder when 108569 is divided by 54200.
169
What is the remainder when 44047325 is divided by 22023661?
3
What is the remainder when 747914 is divided by 41543?
140
What is the remainder when 12017474 is divided by 41297?
47
What is the remainder when 270683 is divided by 15910?
213
Calculate the remainder when 4356200 is divided by 501.
5
Calculate the remainder when 2955622 is divided by 985202.
16
Calculate the remainder when 19642155 is divided by 1880.
1795
What is the remainder when 55383486 is divided by 16?
14
Calculate the remainder when 198130 is divided by 197072.
1058
What is the remainder when 2410900 is divided by 565?
45
Calculate the remainder when 78906326 is divided by 138.
134
What is the remainder when 103023 is divided by 3437?
3350
Calculate the remainder when 237450 is divided by 2473.
42
What is the remainder when 256887 is divided by 1702?
1587
Calculate the remainder when 132192 is divided by 3443.
1358
What is the remainder when 246929 is divided by 361?
5
What is the remainder when 3344965 is divided by 63111?
82
Calculate the remainder when 614042 is divided by 612520.
1522
Calculate the remainder when 305288 is divided by 101749.
41
Calculate the remainder when 631635 is divided by 90216.
123
Calculate the remainder when 191024783 is divided by 36.
35
What is the remainder when 9703488 is divided by 33576?
24
Calculate the remainder when 177685913 is divided by 327.
326
Calculate the remainder when 10760213 is divided by 60.
53
What is the remainder when 142298675 is divided by 49?
29
Calculate the remainder when 646588 is divided by 14054.
104
What is the remainder when 1715185 is divided by 449?
5
Calculate the remainder when 216587 is divided by 2188.
2163
What is the remainder when 21905721 is divided by 416?
409
Calculate the remainder when 209542 is divided by 5372.
34
What is the remainder when 605123 is divided by 6051?
23
Calculate the remainder when 427331 is divided by 106228.
2419
Calculate the remainder when 149556 is divided by 1719.
3
What is the remainder when 387670 is divided by 6057?
22
What is the remainder when 3422222 is divided by 1711075?
72
What is the remainder when 14436 is divided by 86?
74
Calculate the remainder when 395550 is divided by 1510.
1440
Calculate the remainder when 30276 is divided by 1760.
356
Calculate the remainder when 257557 is divided by 116.
37
Calculate the remainder when 21197063 is divided by 8698.
37
What is the remainder when 2128919 is divided by 85?
9
Calculate the remainder when 373822 is divided by 4796.
4530
Calculate the remainder when 13315 is divided by 1066.
523
What is the remainder when 4744435 is divided by 552?
547
Calculate the remainder when 495479845 is divided by 51.
4
Calculate the remainder when 4265980 is divided by 94.
72
What is the remainder when 1326467 is divided by 22482?
29
Calculate the remainder when 2223080 is divided by 1111535.
10
Calculate the remainder when 642704 is divided by 160660.
64
Calculate the remainder when 471235 is divided by 860.
815
What is the remainder when 6683078 is divided by 70348?
18
Calculate the remainder when 114223 is divided by 969.
850
Calculate the remainder when 427365 is divided by 1361.
11
What is the remainder when 881490 is divided by 440651?
188
Calculate the remainder when 89309 is divided by 172.
41
Calculate the remainder when 1382704 is divided by 252.
232
Calculate the remainder when 36070 is divided by 12015.
25
What is the remainder when 493965 is divided by 314?
43
What is the remainder when 8700938 is divided by 84475?
13
Calculate the remainder when 3548660 is divided by 261.
104
Calculate the remainder when 262839 is divided by 5.
4
What is the remainder when 51202 is divided by 1684?
682
What is the remainder when 1351572 is divided by 3051?
3030
Calculate the remainder when 1676616 is divided by 838307.
2
Calculate the remainder when 30040947 is divided by 14.
13
Calculate the remainder when 54574 is divided by 10705.
1049
Calculate the remainder when 4608551 is divided by 133.
101
What is the remainder when 161461 is divided by 26861?
295
What is the remainder when 21466996 is divided by 2316?
2308
What is the remainder when 40482 is divided by 4391?
963
Calculate the remainder when 4053241 is divided by 506638.
137
Calculate the remainder when 2637949 is divided by 32.
29
What is the remainder when 409452513 is divided by 523?
520
Calculate the remainder when 90693487 is divided by 11230.
7
Calculate the remainder when 2608090212 is divided by 213.
210
What is the remainder when 3050494 is divided by 762618?
22
Calculate the remainder when 2307693 is divided by 576910.
53
Calculate the remainder when 2162999 is divided by 1442.
1441
Calculate the remainder when 692678 is divided by 315.
308
Calculate the remainder when 233822 is divided by 186.
20
Calculate the remainder when 654953 is divided by 979.
2
What is the remainder when 46964 is divided by 2233?
71
What is the remainder when 279278 is divided by 16428?
2
Calculate the remainder when 52725436 is divided by 870.
826
What is the remainder when 267115780 is divided by 982?
978
What is the remainder when 107646 is divided by 53796?
54
Calculate the remainder when 39042 is divided by 38182.
860
Calculate the remainder when 174024964 is divided by 35963.
7
What is the remainder when 87930 is divided by 1014?
726
What is the remainder when 380405 is divided by 3730?
3675
What is the remainder when 208116 is divided by 468?
324
What is the remainder when 683397 is divided by 2135?
197
What is the remainder when 6118949 is divided by 2877?
2447
What is the remainder when 65356 is divided by 5906?
390
Calculate the remainder when 28449 is divided by 27797.
652
Calculate the remaind